 260. Let o = b - -25. Let a = o + 36. What are the prime factors of a?
2, 3
Let w be (36/24)/((-3)/(-14)). Suppose -u + 36 + w = 0. List the prime factors of u.
43
Let s(b) = -b**3 + 4*b**2 + 2*b + 6. Let g be s(5). Let o = g - -12. Suppose 6*w - 3*w = 12, -3*w = o*y - 222. List the prime factors of y.
2, 5, 7
Suppose 3*n - 4027 = -196. What are the prime factors of n?
1277
Suppose 6 = 2*o - 3*o. Let f be ((-135)/o)/((-2)/(-4)). Suppose 3*n = 6*x - 3*x - f, 4*x - 3*n = 62. List the prime factors of x.
17
List the prime factors of (-6)/((-6)/1)*2521.
2521
Let a be (-7)/2 + 3/(-6). Let m be 2 + a + 10/(-2). List the prime factors of m/((-3 - -2)/1).
7
Let t(w) = w**2 - 12*w + 9. Let j be t(11). Let s be (3 - 2)/(j/(-44)). List the prime factors of -2 - (-1*s + -3).
23
Let q = 8 + -8. Suppose q*i + 4*i - 32 = 0. What are the prime factors of i/6*306/12?
2, 17
Suppose 0 = 4*s - 5*g - 13, 4*s + 2*g + 16 = 2*s. Let r(h) = h**3 + 4*h**2 + 4*h + 4. Let n be r(s). Let q = 8 + n. List the prime factors of q.
3
Suppose 0 = -3*g + 18 - 3. Let d(f) be the second derivative of f**4/6 - 7*f**3/6 + f**2/2 - 19*f. List the prime factors of d(g).
2
List the prime factors of (-381)/((-68)/(-16) + -5).
2, 127
Let l(n) = 5*n**2 + 28*n + 19. Let v = 65 - 74. List the prime factors of l(v).
2, 43
Suppose 242 = 3*f - 10. Suppose g = x + f, -3*g - 6*x = -x - 220. What are the prime factors of g?
2, 5
Let h be (-1)/(16/24*(-6)/(-8)). List the prime factors of (-152)/(-2) + h + (-18)/6.
71
Let q be 26/(-4) + 6/4. Let t be ((-100)/(-16))/q*-4. Suppose -155 + 40 = -t*g. List the prime factors of g.
23
Let p be 3/(-3) + (-5 - -91). Let s be (-12)/15*p/(-2). Suppose o = -1 - 3, -2*m + s = o. List the prime factors of m.
19
Let l(x) = -x**2 + 10*x - 9. Let z be l(9). Suppose 3*u + 2 - 8 = z. Let s = 27 + u. What are the prime factors of s?
29
Suppose -v + 2175 = 5*x, 760 = 5*x + 3*v - 1415. List the prime factors of x.
3, 5, 29
Let o = -37 + 15. Let k = o + -12. Let g = k + 78. List the prime factors of g.
2, 11
Suppose 0 = 252*r - 248*r - 3376. List the prime factors of r.
2, 211
Let h = -149 - -453. What are the prime factors of h?
2, 19
Suppose -6*q + 201 = -3*q - 3*x, -3*x = 5*q - 351. Suppose -5*h + q = -1. Suppose -2*u + 4*l = h, -4*u + l - 3 = -2*l. What are the prime factors of u?
3
Let q = 36 + -26. Let w = q + -8. Suppose 4*n - p - w = 2*n, 5*p = 20. What are the prime factors of n?
3
Suppose -5*d + 0*k + 754 = 3*k, 4*d - 5*k - 618 = 0. List the prime factors of d.
2, 19
Let a = -93 - -89. What are the prime factors of (-3)/9*(-2)/(a/(-834))?
139
Let j = -246 - -365. List the prime factors of j.
7, 17
Let m(c) = 2*c**3 + 2*c**2 - c. Let n be m(1). Suppose q - n*l = 70 + 23, -4*l = 4*q - 308. List the prime factors of q.
3
Let n(g) = -365*g + 961. What are the prime factors of n(-7)?
2, 3, 293
Let g = 361 - 204. List the prime factors of g.
157
Let y be (1*-1)/(2/8). What are the prime factors of (18/y - -4)*-318?
3, 53
Let d be (6/(-5))/((-21)/70). Let i = 0 + d. Suppose 8*m - f = 4*m + 107, 2*m = i*f + 50. What are the prime factors of m?
3
Let u be 0/((-2)/(-8) - (-18)/(-8)). Suppose 5*b + h - 253 = u, -4*b - 3*h + 201 = 3. List the prime factors of b.
3, 17
Let h(f) be the third derivative of -f**4/24 + 3*f**2. Let k(j) = 8*j - 4. Let d(m) = -5*h(m) - k(m). List the prime factors of d(-3).
13
Let w(b) be the third derivative of 97*b**4/24 - 4*b**3/3 - 26*b**2. List the prime factors of w(1).
89
Let z(k) = k**3 + 15*k**2 + 8*k - 50. List the prime factors of z(-13).
2, 23
Suppose -4*q - 16 = 0, 3*t - 6*q + 29 = -2*q. What are the prime factors of 368/10 - 3/t?
37
Suppose 71*t = 67*t + 1440. What are the prime factors of t?
2, 3, 5
Let q(z) = 4*z**3 + 3*z**2 + 3. Let u be q(3). Suppose 2*j - 7*i - u = -3*i, -5*j + 2*i = -305. List the prime factors of j.
59
Let r = -3 + 15. Suppose 4*i = -0*i + r. Suppose 0 = i*o - 10 - 71. What are the prime factors of o?
3
Suppose 5*q = 588 + 1162. Suppose -g - 2*g = -2*w - 197, 5*g - q = -w. What are the prime factors of g?
3, 23
Suppose 0 = -3*s - s - 2*u, -5*u = 5*s. What are the prime factors of (57 - (2 - s))*1?
5, 11
Let r be 0 + 1*-2 + 6. Suppose -56*a = -61*a + 1170. List the prime factors of a/8 + 3/r.
2, 3, 5
Let r(z) = 25*z**2 - 9*z**2 + 11 + 10*z - 12*z**2 - 5*z**2. List the prime factors of r(9).
2, 5
Let s(t) = t**3 - 3*t**2 - 10*t + 27. What are the prime factors of s(12)?
3, 401
Let m = 71 - 68. Suppose d + j = 176, 0 = m*d + 2*j - 269 - 263. List the prime factors of d.
2, 3, 5
Let m(w) = -38*w**3. Suppose 0 = 9*x - 8*x. Suppose -3*c = 3 - x. What are the prime factors of m(c)?
2, 19
Let g be 2/3 + (-14)/(-6). Let a be ((-77)/g - 2)*-3. Suppose 12 = -4*w, p - a = -0*p + 2*w. List the prime factors of p.
7, 11
Let a(f) = f**2 + 13*f - 10. Let k be a(-14). Suppose -k*j = 3 - 11. Suppose 0 = 5*z + 3*i - 0*i - 195, -j*z = 2*i - 82. List the prime factors of z.
2, 3
Suppose c - 45 = 4*c. Let u(z) = z**2 - 30*z + 90. Let f be u(29). Let v = c + f. What are the prime factors of v?
2, 23
Suppose -3*x + 4*d = x - 180, 5*d - 20 = 0. Let n = -29 + x. List the prime factors of n.
2, 5
Let z(g) = -g**3 - 16*g**2 + 9*g + 14. List the prime factors of z(-20).
2, 3, 239
Let d = 22 + -25. Let j be (10440/(-100))/(d/10). Suppose -j = -3*v - 3*v. What are the prime factors of v?
2, 29
Let z = 70 + -67. Suppose -2*t + 0*t + z*s + 150 = 0, -2*t = -s - 146. What are the prime factors of t?
2, 3
Suppose -12*c - 4991 + 13823 = 0. List the prime factors of c.
2, 23
Suppose -4*q - 4 = -6*q. Suppose -1 + q = r. Suppose 1 = x - r. What are the prime factors of x?
2
Let r(u) = -20*u - 111. What are the prime factors of r(-11)?
109
Suppose -6*z + 3*z = 0. Suppose w - 4*w + 9 = z, -2*c + 4*w = -20. What are the prime factors of 10 - (-3)/(12/c)?
2, 7
Let u(y) = -8*y + 20. Let r be u(-9). Let v = 1 + r. List the prime factors of v.
3, 31
Let j(u) = 3*u**2 + 5*u + 2. Suppose -5*k = 4*o - 8, k + 0*o - o - 7 = 0. List the prime factors of j(k).
2, 5, 7
Let a be (-2 - -8) + 4 + -6. Suppose -a*n + 196 = -0*n. List the prime factors of n.
7
Suppose -18 = -w - 0*w. Let n be 0/(-3 - -9) - (0 + -6). What are the prime factors of ((-4)/n)/((-4)/w)?
3
Let z(d) = d**2 - 6*d - 9. Let x be z(-8). Suppose -21 - x = -2*s. List the prime factors of s.
2, 31
Let x(g) = 2*g**2 + 3 + 8*g + 1 + 2*g**2 - g. Let i be x(-4). Suppose -5*n + i = 15. What are the prime factors of n?
5
Let j = 51 + -55. What are the prime factors of (-7)/28 - 593/j?
2, 37
Suppose 5*c - 91 = 4. Let o = c - 10. What are the prime factors of 101/o + (-6)/27?
11
List the prime factors of 7 - (-6 + (-2486)/2).
2, 157
Suppose 735 + 2249 = 4*p. What are the prime factors of p?
2, 373
Suppose t - 470 = -5*s - 63, -5*t + 2155 = -5*s. What are the prime factors of t?
7, 61
List the prime factors of (1000/(-6))/(6/(-108)).
2, 3, 5
Let s be (1 + -2)*(-1 + 5). Let v be s/40*-5*-2. List the prime factors of ((-135)/6 + v)*-2.
47
Let y(f) = 203*f + 183. List the prime factors of y(10).
2213
Let y = -49 + 36. Let t = 77 + y. List the prime factors of t.
2
List the prime factors of 1606/12 + (-38)/(-228).
2, 67
Let x(m) = m**3 - 5*m**2 + 5*m - 2. Let q be x(4). Suppose q*l - 2 = 2. List the prime factors of l.
2
Let j be 12/(-15) + 26/(-5). Let k = -42 - 98. What are the prime factors of j*(k/8)/5?
3, 7
Let k be 2 + -4*4/(-8). Let p be (0/(-1))/(-8 + 11). Suppose -144 = -k*o - p*o. List the prime factors of o.
2, 3
Suppose 3*q = -2 + 17. Let f be (-114)/(-95) + 4/5. Suppose -35 = -q*y - 5*n, -f*n - 2 = -2*y - 0*y. What are the prime factors of y?
2
Suppose -31 = -5*z - 11. List the prime factors of 36*(z/6)/1.
2, 3
Let q(m) = -m**3 + m - 1. Let b be q(-5). Let v = 225 - b. List the prime factors of v.
2, 53
Let i = 44 - -66. Suppose 0 = 5*v + 20 - i. List the prime factors of v.
2, 3
Let d = -39 - -40. List the prime factors of -146*d/((-8)/4).
73
Let u be 27/(-3) + 3 + (5 - 7). Let y = -4 - 4. What are the prime factors of (-2)/u + (-230)/y?
29
Suppose 6 = -4*x - 6. Let c be (-2)/3 + 212/12. Let z = c - x. What are the prime factors of z?
2, 5
Let x(i) = -i**3 + 9*i**2 + 17*i + 2. Let t be x(10). Suppose 2*p + 24 = 3*r - 30, 4*r + p - t = 0. Suppose 0 = -2*l - l + r. What are the prime factors of 